71. Calculate the greatest common divisor of q and r.
19
Let p = -186730 + 186877. Let k be ((-21)/4)/(3/(-36)). What is the greatest common divisor of k and p?
21
Let s = -187 + 417. What is the greatest common divisor of s and 805?
115
Suppose 120*z + 1082 - 2882 = 0. What is the greatest common divisor of 365 and z?
5
Let c be (4 - -865)*(150 + -135). What is the greatest common factor of c and 55?
55
Suppose 0*t + 4*t + 36 = 0. Let d be 12 + t - 18/(-2). Let n be 228/5 - (-11 + 774/90). Calculate the greatest common divisor of n and d.
12
Let y be (-5 - 14/(-3))/((-3)/153). Suppose -y*r + 256 - 18 = 0. Calculate the highest common factor of r and 28.
14
Let f = 9877 + -2501. Calculate the highest common divisor of 48 and f.
16
Let m be 8/(-3)*(16 + (-301645)/46). What is the greatest common divisor of 196 and m?
196
Let i(g) = 3*g**2 - 51*g - 59. Let z be i(-6). Calculate the highest common divisor of 1136 and z.
71
Let b(f) = -f**3 - 6*f**2 + 3*f - 23. Let r be b(-7). Suppose -h + 299 = 5*t, 1058 = r*h - t - 463. Calculate the greatest common factor of 19 and h.
19
Let j = -377 - -402. Let r = j - 12. Suppose 2*b - 7*b = -585. What is the greatest common factor of b and r?
13
Suppose 2 + 6 = 2*w + 2*q, -2*w + 8 = q. Let p(b) = 18*b**3 - 2*b**2 + 5. Let k be p(w). Suppose x = 6*x - k. What is the greatest common factor of x and 25?
25
Let w = 133 + -77. Let q be ((-1160)/32 - (-12)/4)*-4. Let u = q - w. Calculate the highest common divisor of u and 7.
7
Suppose 0 = -3*o + 5*a + 11078, -5*o + 37*a + 18418 = 40*a. What is the greatest common divisor of 114 and o?
38
Let x be -2*-2*(-12)/(-16). Let w be (x - (1 - -65))*-3. What is the highest common divisor of 18 and w?
9
Suppose -q = 2*a - 16 - 2, 0 = 4*q - 5*a - 111. Let t be (-74)/(-6) + ((-8)/q - 0). What is the highest common divisor of 948 and t?
12
Suppose -f - 31 = 4*r, -3*r - 3*f - 8 = 4. Let i be (-1384)/r - (-32)/144. Calculate the greatest common divisor of i and 22.
22
Suppose 8*w - 1520 = -11*w. Let n = w - 66. What is the greatest common factor of 98 and n?
14
Suppose 3 + 0 = q. Suppose -6*c + 3*c = q*x - 6, -2*x + 2 = c. Suppose 0 = 5*m + 2*o - 128, 5*o + 6 + 22 = c*m. What is the highest common divisor of 84 and m?
12
Let y be ((-60)/11)/((-10)/55). Suppose 0*l + 885 = 5*l. Suppose 5*m = l + 48. What is the greatest common factor of y and m?
15
Let s = 80 - 44. Suppose -15 = s*a - 41*a. Let j be a*(20/15)/2. Calculate the greatest common divisor of 22 and j.
2
Let k = 211792 - 211772. Let b = -8 + 138. What is the greatest common divisor of b and k?
10
Let y = 26 + -15. Let n = -40595 + 40914. What is the greatest common divisor of y and n?
11
Let q = -195 + 210. Let m be 6 - (-54)/(12/2). What is the greatest common factor of q and m?
15
Let u(l) = 3*l**2 + 114*l - 33. Let k be u(-39). What is the greatest common factor of k and 1148?
28
Let s be (-95)/40*-2 - (-12)/(-16). Suppose -s*h + 99 = d, h - 90 = -3*h + 2*d. What is the greatest common divisor of 132 and h?
12
Let d(q) = -119*q + 163. Let w be d(-3). What is the greatest common factor of w and 45?
5
Suppose 2*f = -5*k + 3056, 4*f - 107*k = -102*k + 6112. Calculate the highest common divisor of f and 955.
191
Let u be (-19448)/56 + 10/35. Let m = u + 416. Calculate the highest common factor of 23 and m.
23
Let x = 22199 + -22056. What is the highest common factor of x and 1441?
11
Let b be 16/((-8)/142*(-19)/38). Calculate the highest common divisor of b and 32.
8
Suppose 26*q + 139*q = 73*q + 552. Calculate the highest common factor of 2970 and q.
6
Let t(j) = -j**2 + 213*j + 124. Let f be t(29). Calculate the highest common factor of 105 and f.
105
Let r(v) = -v**2 - 5*v + 12. Let j be r(-7). Let o be -134 + j*1*(-33)/(-22). Let p = 108 - o. Calculate the highest common divisor of p and 35.
35
Suppose 3*o - 140 = -o. Suppose 106*a - 8979 - 16991 = 0. What is the highest common divisor of o and a?
35
Let n be (-14)/(-49) + 780/14. Suppose -n*s + 252 = -50*s. What is the greatest common divisor of 518 and s?
14
Let g = 38 + -35. Let l be (-61)/((-2)/2 - -5 - g). Let c = -49 - l. What is the highest common divisor of c and 48?
12
Let z be (-8 - 195/(-25)) + (-2)/(30/(-543)). Calculate the greatest common factor of 300 and z.
12
Let g be 8*(-1 - 0)*(-705)/1880. What is the greatest common divisor of g and 6033?
3
Let k(g) = -55*g - 153. Let n be k(-6). Let m = 1035 - n. What is the highest common divisor of m and 78?
78
Let i(j) = -30*j + 3. Let f(o) = o**2 + 120*o - 11. Let q(s) = 2*f(s) + 9*i(s). Let g be q(15). Let l = g - 3. Calculate the greatest common factor of l and 22.
2
Let h = -19 - -34. Suppose v = -a + 18, 0 = -2*a - 4*v + 29 + h. Suppose -b = y - a, -3*y = -3*b - 8 - 46. Calculate the greatest common divisor of y and 144.
16
Let g be -3 + (3/4 - (-5151)/(-68)). Let f = 73 + g. Let r be 14/70 - 314/f. What is the greatest common factor of 9 and r?
9
Let w = 24 - 28. Let h be (-8 + -2)/(11/((-154)/w)). Let b = -20 - h. Calculate the highest common divisor of b and 3.
3
Suppose 15912 - 61062 = -1806*a. Suppose -2*t + 180 = t. Calculate the greatest common divisor of t and a.
5
Suppose -18*m + 21*m - 471 = 0. Let y = m + -130. Calculate the greatest common factor of y and 351.
27
Let g(z) = z**3 - 11*z**2 + z - 11. Let h be g(11). Suppose 3*w + h*w = 51. Let d = w + -9. Calculate the highest common factor of 12 and d.
4
Let d(i) = 2*i**2 + 13*i + 28. Let u be d(-6). Suppose -60 = u*t - 588. Calculate the greatest common factor of 12 and t.
12
Let k = -3465 + 3477. What is the highest common divisor of k and 172?
4
Let v = -172 - -176. Suppose 4*q = -v*w + 155 - 23, -2*w = 5*q - 168. What is the greatest common divisor of q and 1054?
34
Suppose -36*n = -27*n + 5202. Let o = n + 712. Calculate the greatest common factor of o and 67.
67
Let y be 18*(-6)/(-8)*416/(-39). Let r = -137 - y. Calculate the greatest common factor of r and 119.
7
Let w = -107 + 110. Let c(j) = 8 + w*j**2 - 3*j - 16*j + 2 - j**2. Let g be c(12). Calculate the highest common factor of 14 and g.
14
Suppose -t + 22 = -13. Let r = 589 + -344. What is the highest common divisor of t and r?
35
Let f = 595 + -360. Let j be ((1 + -2)/1)/((-80)/640). Suppose 9*n = j*n + 94. Calculate the highest common factor of n and f.
47
Let m(g) = 2*g**2 - 93*g - 5199. Let q be m(108). What is the highest common factor of 825 and q?
165
Suppose -63 + 47 + 280 = 24*g. Calculate the highest common divisor of g and 209.
11
Let q = -6449 - -7137. Calculate the highest common divisor of q and 64.
16
Let f be 35/((-1337)/98 - -14). Calculate the highest common factor of f and 378.
14
Suppose 0 = 4*p, 5*z + 1119*p - 1122*p - 15 = 0. Suppose -x - 5*v = 7 - 19, 4*x = 4*v. Calculate the greatest common divisor of x and z.
1
Suppose 7*q + 35 = 12*q. Let i(t) = -t**3 + 8*t**2 - 5*t - 8. Let y be i(q). Suppose y*a = 12*a - 108. Calculate the highest common divisor of a and 144.
18
Let t(v) = 28*v**2 + 7*v - 6. Let j be ((-6)/(-16))/((-192)/(-1024)). Let x be t(j). Let o = 64 - 34. What is the greatest common divisor of o and x?
30
Let u be (-192 - 1 - 2)*(14 + -15). Suppose u = 2*o + 191. What is the greatest common divisor of o and 18?
2
Suppose -2*w = -2, 0 = -15*q + 10*q + w - 3911. Let x = -768 - q. Calculate the highest common factor of x and 238.
14
Suppose 59 = d + 65, -61325 = -5*c - 5*d. Calculate the highest common factor of c and 7.
7
Suppose -5*t = -206 + 156. Let i(l) = -l**3 + 10*l**2 + 13*l. Let n be i(t). What is the greatest common factor of 30 and n?
10
Suppose -5*u + 0 + 5 = -m, m - 2*u - 10 = 0. Suppose -206*l = -287*l + 16200. Calculate the greatest common divisor of m and l.
20
Suppose 55*w - 52*w - 194 = -4*f, 4*w = -4*f + 200. Calculate the greatest common divisor of f and 363.
11
Let k be 4/((-2)/10*(-240)/96). What is the greatest common factor of k and 83?
1
Let n = 379 - 270. Suppose -2*h - 2*p = -3*h + 50, 2*h - n = p. What is the greatest common divisor of 98 and h?
14
Let p be -2 + 17 - (4 - 42/7). Suppose p*l = 15*l + 2, -3*l = -3*x + 150. Calculate the greatest common divisor of x and 119.
17
Let s be 100*(-3)/(-4)*((-224)/(-60))/7. Let o(f) = 3*f. Let z be o(1). Let p = 1 + z. What is the highest common divisor of p and s?
4
Let v be 